{"id":9620,"date":"2023-05-08T12:57:35","date_gmt":"2023-05-08T12:57:35","guid":{"rendered":"https:\/\/microgeo.com.br\/site\/?page_id=9620"},"modified":"2025-06-09T19:01:13","modified_gmt":"2025-06-09T19:01:13","slug":"transparencia-e-etica","status":"publish","type":"page","link":"https:\/\/microgeo.com.br\/site\/transparencia-e-etica\/","title":{"rendered":"Transpar\u00eancia e \u00c9tica"},"content":{"rendered":"\t\t<div data-elementor-type=\"wp-page\" data-elementor-id=\"9620\" class=\"elementor elementor-9620\">\n\t\t\t\t\t\t<section class=\"elementor-section elementor-top-section elementor-element elementor-element-46a9c42 elementor-section-boxed elementor-section-height-default elementor-section-height-default\" data-id=\"46a9c42\" data-element_type=\"section\" data-settings=\"{&quot;background_background&quot;:&quot;classic&quot;}\">\n\t\t\t\t\t\t<div class=\"elementor-container elementor-column-gap-default\">\n\t\t\t\t\t<div class=\"elementor-column elementor-col-100 elementor-top-column elementor-element elementor-element-9a4c44c\" data-id=\"9a4c44c\" data-element_type=\"column\">\n\t\t\t<div class=\"elementor-widget-wrap\">\n\t\t\t\t\t\t\t<\/div>\n\t\t<\/div>\n\t\t\t\t\t<\/div>\n\t\t<\/section>\n\t\t\t\t<section class=\"elementor-section elementor-top-section elementor-element elementor-element-e98e2ae elementor-section-boxed elementor-section-height-default elementor-section-height-default\" data-id=\"e98e2ae\" data-element_type=\"section\">\n\t\t\t\t\t\t<div class=\"elementor-container elementor-column-gap-default\">\n\t\t\t\t\t<div class=\"elementor-column elementor-col-66 elementor-top-column elementor-element elementor-element-c09a9bb\" data-id=\"c09a9bb\" data-element_type=\"column\">\n\t\t\t<div class=\"elementor-widget-wrap elementor-element-populated\">\n\t\t\t\t\t\t<div class=\"elementor-element elementor-element-c1b0e24 elementor-widget elementor-widget-heading\" data-id=\"c1b0e24\" data-element_type=\"widget\" data-widget_type=\"heading.default\">\n\t\t\t\t<div class=\"elementor-widget-container\">\n\t\t\t\t\t<h2 class=\"elementor-heading-title elementor-size-default\">Canal da Transpar\u00eancia e \u00c9tica<\/h2>\t\t\t\t<\/div>\n\t\t\t\t<\/div>\n\t\t\t\t<div class=\"elementor-element elementor-element-04e24e5 elementor-widget elementor-widget-text-editor\" data-id=\"04e24e5\" data-element_type=\"widget\" data-widget_type=\"text-editor.default\">\n\t\t\t\t<div class=\"elementor-widget-container\">\n\t\t\t\t\t\t\t\t\t<p><i>Todos aqueles que se relacionam com a Microgeo devem comunicar as viola\u00e7\u00f5es ou poss\u00edveis viola\u00e7\u00f5es \u00e0s diretrizes do C\u00f3digo de Conduta e outras Pol\u00edticas e regras estabelecidas pelo Programa de Compliance da Allterra.<\/i><u><\/u><u><\/u><\/p>\n<p><i>Os relatos e den\u00fancias podem ser realizadas de forma an\u00f4nima, caso o denunciante prefira n\u00e3o se identificar.<\/i><u><\/u><u><\/u><\/p>\n<p><i>Todas as situa\u00e7\u00f5es reportadas ser\u00e3o avaliadas e conduzidas pelo Comit\u00ea de \u00c9tica da Allterra.<\/i><u><\/u><u><\/u><\/p>\n\t\t\t\t\t\t\t\t<\/div>\n\t\t\t\t<\/div>\n\t\t\t\t<div class=\"elementor-element elementor-element-0d449fa elementor-widget elementor-widget-heading\" data-id=\"0d449fa\" data-element_type=\"widget\" data-widget_type=\"heading.default\">\n\t\t\t\t<div class=\"elementor-widget-container\">\n\t\t\t\t\t<p class=\"elementor-heading-title elementor-size-default\"><strong>Para realizar uma den\u00fancia, clique no bot\u00e3o abaixo:<\/strong><\/p>\t\t\t\t<\/div>\n\t\t\t\t<\/div>\n\t\t\t\t<div class=\"elementor-element elementor-element-ffee3c2 elementor-align-left elementor-mobile-align-justify elementor-widget elementor-widget-button\" data-id=\"ffee3c2\" data-element_type=\"widget\" data-widget_type=\"button.default\">\n\t\t\t\t<div class=\"elementor-widget-container\">\n\t\t\t\t\t\t\t\t\t<div class=\"elementor-button-wrapper\">\n\t\t\t\t\t<a class=\"elementor-button elementor-button-link elementor-size-md\" href=\"https:\/\/allterraagro.com.br\/canal-da-transparencia-e-etica\/\" target=\"_blank\">\n\t\t\t\t\t\t<span class=\"elementor-button-content-wrapper\">\n\t\t\t\t\t\t\t\t\t<span class=\"elementor-button-text\">Acessar o Canal da Transpar\u00eancia e \u00c9tica<\/span>\n\t\t\t\t\t<\/span>\n\t\t\t\t\t<\/a>\n\t\t\t\t<\/div>\n\t\t\t\t\t\t\t\t<\/div>\n\t\t\t\t<\/div>\n\t\t\t\t\t<\/div>\n\t\t<\/div>\n\t\t\t\t<div class=\"elementor-column elementor-col-33 elementor-top-column elementor-element elementor-element-06b7906\" data-id=\"06b7906\" data-element_type=\"column\">\n\t\t\t<div class=\"elementor-widget-wrap\">\n\t\t\t\t\t\t\t<\/div>\n\t\t<\/div>\n\t\t\t\t\t<\/div>\n\t\t<\/section>\n\t\t\t\t<section class=\"elementor-section elementor-top-section elementor-element elementor-element-3d1d075 elementor-hidden-desktop elementor-hidden-tablet elementor-hidden-mobile elementor-section-boxed elementor-section-height-default elementor-section-height-default\" data-id=\"3d1d075\" data-element_type=\"section\" data-settings=\"{&quot;background_background&quot;:&quot;classic&quot;}\">\n\t\t\t\t\t\t<div class=\"elementor-container elementor-column-gap-default\">\n\t\t\t\t\t<div class=\"elementor-column elementor-col-100 elementor-top-column elementor-element elementor-element-2ed6c95\" data-id=\"2ed6c95\" data-element_type=\"column\">\n\t\t\t<div class=\"elementor-widget-wrap elementor-element-populated\">\n\t\t\t\t\t\t<div class=\"elementor-element elementor-element-acc06dd elementor-widget elementor-widget-heading\" data-id=\"acc06dd\" data-element_type=\"widget\" data-widget_type=\"heading.default\">\n\t\t\t\t<div class=\"elementor-widget-container\">\n\t\t\t\t\t<h2 class=\"elementor-heading-title elementor-size-default\">C\u00f3digos de Conduta e Pol\u00edticas\n<\/h2>\t\t\t\t<\/div>\n\t\t\t\t<\/div>\n\t\t\t\t<div class=\"elementor-element elementor-element-a8faf2c elementor-align-justify elementor-mobile-align-justify elementor-hidden-desktop elementor-hidden-tablet elementor-hidden-mobile elementor-widget elementor-widget-button\" data-id=\"a8faf2c\" data-element_type=\"widget\" data-widget_type=\"button.default\">\n\t\t\t\t<div class=\"elementor-widget-container\">\n\t\t\t\t\t\t\t\t\t<div class=\"elementor-button-wrapper\">\n\t\t\t\t\t<a class=\"elementor-button elementor-button-link elementor-size-md\" href=\"#\">\n\t\t\t\t\t\t<span class=\"elementor-button-content-wrapper\">\n\t\t\t\t\t\t<span class=\"elementor-button-icon\">\n\t\t\t\t<i aria-hidden=\"true\" class=\"fas fa-download\"><\/i>\t\t\t<\/span>\n\t\t\t\t\t\t\t\t\t<span class=\"elementor-button-text\">Clique aqui<\/span>\n\t\t\t\t\t<\/span>\n\t\t\t\t\t<\/a>\n\t\t\t\t<\/div>\n\t\t\t\t\t\t\t\t<\/div>\n\t\t\t\t<\/div>\n\t\t\t\t<div class=\"elementor-element elementor-element-0c86567 elementor-widget elementor-widget-jet-listing-dynamic-repeater\" data-id=\"0c86567\" data-element_type=\"widget\" data-widget_type=\"jet-listing-dynamic-repeater.default\">\n\t\t\t\t<div class=\"elementor-widget-container\">\n\t\t\t\t\t<div class=\"jet-listing jet-listing-dynamic-repeater\"><div class=\"jet-listing-dynamic-repeater__items \"><div class=\"jet-listing-dynamic-repeater__item\"><div class=\"elementor-element elementor-element-a8faf2c elementor-align-justify elementor-mobile-align-justify btn-download elementor-widget elementor-widget-button\" data-id=\"a8faf2c\" data-element_type=\"widget\" data-widget_type=\"button.default\">\n\t<div class=\"elementor-widget-container\">\n\t\t<div class=\"elementor-button-wrapper\">\n\t\t\t<a href=\"https:\/\/allterraagro.com.br\/canal-da-transparencia-e-etica\/\" target=\"_blank\" class=\"elementor-button-link elementor-button elementor-size-md\" role=\"button\">\n\t\t\t\t<span class=\"elementor-button-content-wrapper\">\n\t\t\t\t\t<span class=\"elementor-button-icon elementor-align-icon-left\">\n\t\t\t\t\t\t<i aria-hidden=\"true\" class=\"fas fa-download\"><\/i> <\/span>\n\t\t\t\t\t<span class=\"elementor-button-text\">C\u00f3digo de Conduta e \u00c9tica Colaboradores <\/span>\n\t\t\t\t<\/span>\n\t\t\t<\/a>\n\t\t<\/div>\n\t<\/div>\n<\/div><\/div><div class=\"jet-listing-dynamic-repeater__item\"><div class=\"elementor-element elementor-element-a8faf2c elementor-align-justify elementor-mobile-align-justify btn-download elementor-widget elementor-widget-button\" data-id=\"a8faf2c\" data-element_type=\"widget\" data-widget_type=\"button.default\">\n\t<div class=\"elementor-widget-container\">\n\t\t<div class=\"elementor-button-wrapper\">\n\t\t\t<a href=\"https:\/\/allterraagro.com.br\/canal-da-transparencia-e-etica\/\" target=\"_blank\" class=\"elementor-button-link elementor-button elementor-size-md\" role=\"button\">\n\t\t\t\t<span class=\"elementor-button-content-wrapper\">\n\t\t\t\t\t<span class=\"elementor-button-icon elementor-align-icon-left\">\n\t\t\t\t\t\t<i aria-hidden=\"true\" class=\"fas fa-download\"><\/i> <\/span>\n\t\t\t\t\t<span class=\"elementor-button-text\">C\u00f3digo de Conduta Fornecedores e Clientes<\/span>\n\t\t\t\t<\/span>\n\t\t\t<\/a>\n\t\t<\/div>\n\t<\/div>\n<\/div><\/div><div class=\"jet-listing-dynamic-repeater__item\"><div class=\"elementor-element elementor-element-a8faf2c elementor-align-justify elementor-mobile-align-justify btn-download elementor-widget elementor-widget-button\" data-id=\"a8faf2c\" data-element_type=\"widget\" data-widget_type=\"button.default\">\n\t<div class=\"elementor-widget-container\">\n\t\t<div class=\"elementor-button-wrapper\">\n\t\t\t<a href=\"https:\/\/allterraagro.com.br\/canal-da-transparencia-e-etica\/\" target=\"_blank\" class=\"elementor-button-link elementor-button elementor-size-md\" role=\"button\">\n\t\t\t\t<span class=\"elementor-button-content-wrapper\">\n\t\t\t\t\t<span class=\"elementor-button-icon elementor-align-icon-left\">\n\t\t\t\t\t\t<i aria-hidden=\"true\" class=\"fas fa-download\"><\/i> <\/span>\n\t\t\t\t\t<span class=\"elementor-button-text\">Pol\u00edtica Conflito de Interesses <\/span>\n\t\t\t\t<\/span>\n\t\t\t<\/a>\n\t\t<\/div>\n\t<\/div>\n<\/div><\/div><div class=\"jet-listing-dynamic-repeater__item\"><div class=\"elementor-element elementor-element-a8faf2c elementor-align-justify elementor-mobile-align-justify btn-download elementor-widget elementor-widget-button\" data-id=\"a8faf2c\" data-element_type=\"widget\" data-widget_type=\"button.default\">\n\t<div class=\"elementor-widget-container\">\n\t\t<div class=\"elementor-button-wrapper\">\n\t\t\t<a href=\"https:\/\/allterraagro.com.br\/canal-da-transparencia-e-etica\/\" target=\"_blank\" class=\"elementor-button-link elementor-button elementor-size-md\" role=\"button\">\n\t\t\t\t<span class=\"elementor-button-content-wrapper\">\n\t\t\t\t\t<span class=\"elementor-button-icon elementor-align-icon-left\">\n\t\t\t\t\t\t<i aria-hidden=\"true\" class=\"fas fa-download\"><\/i> <\/span>\n\t\t\t\t\t<span class=\"elementor-button-text\">Pol\u00edtica de Combate a Corrup\u00e7\u00e3o<\/span>\n\t\t\t\t<\/span>\n\t\t\t<\/a>\n\t\t<\/div>\n\t<\/div>\n<\/div><\/div><div class=\"jet-listing-dynamic-repeater__item\"><div class=\"elementor-element elementor-element-a8faf2c elementor-align-justify elementor-mobile-align-justify btn-download elementor-widget elementor-widget-button\" data-id=\"a8faf2c\" data-element_type=\"widget\" data-widget_type=\"button.default\">\n\t<div class=\"elementor-widget-container\">\n\t\t<div class=\"elementor-button-wrapper\">\n\t\t\t<a href=\"https:\/\/allterraagro.com.br\/canal-da-transparencia-e-etica\/\" target=\"_blank\" class=\"elementor-button-link elementor-button elementor-size-md\" role=\"button\">\n\t\t\t\t<span class=\"elementor-button-content-wrapper\">\n\t\t\t\t\t<span class=\"elementor-button-icon elementor-align-icon-left\">\n\t\t\t\t\t\t<i aria-hidden=\"true\" class=\"fas fa-download\"><\/i> <\/span>\n\t\t\t\t\t<span class=\"elementor-button-text\">Pol\u00edtica Due Diligence<\/span>\n\t\t\t\t<\/span>\n\t\t\t<\/a>\n\t\t<\/div>\n\t<\/div>\n<\/div><\/div><div class=\"jet-listing-dynamic-repeater__item\"><div class=\"elementor-element elementor-element-a8faf2c elementor-align-justify elementor-mobile-align-justify btn-download elementor-widget elementor-widget-button\" data-id=\"a8faf2c\" data-element_type=\"widget\" data-widget_type=\"button.default\">\n\t<div class=\"elementor-widget-container\">\n\t\t<div class=\"elementor-button-wrapper\">\n\t\t\t<a href=\"https:\/\/allterraagro.com.br\/canal-da-transparencia-e-etica\/\" target=\"_blank\" class=\"elementor-button-link elementor-button elementor-size-md\" role=\"button\">\n\t\t\t\t<span class=\"elementor-button-content-wrapper\">\n\t\t\t\t\t<span class=\"elementor-button-icon elementor-align-icon-left\">\n\t\t\t\t\t\t<i aria-hidden=\"true\" class=\"fas fa-download\"><\/i> <\/span>\n\t\t\t\t\t<span class=\"elementor-button-text\">Pol\u00edtica de Combate e Preven\u00e7\u00e3o ao Ass\u00e9dio<\/span>\n\t\t\t\t<\/span>\n\t\t\t<\/a>\n\t\t<\/div>\n\t<\/div>\n<\/div><\/div><div class=\"jet-listing-dynamic-repeater__item\"><div class=\"elementor-element elementor-element-a8faf2c elementor-align-justify elementor-mobile-align-justify btn-download elementor-widget elementor-widget-button\" data-id=\"a8faf2c\" data-element_type=\"widget\" data-widget_type=\"button.default\">\n\t<div class=\"elementor-widget-container\">\n\t\t<div class=\"elementor-button-wrapper\">\n\t\t\t<a href=\"https:\/\/allterraagro.com.br\/canal-da-transparencia-e-etica\/\" target=\"_blank\" class=\"elementor-button-link elementor-button elementor-size-md\" role=\"button\">\n\t\t\t\t<span class=\"elementor-button-content-wrapper\">\n\t\t\t\t\t<span class=\"elementor-button-icon elementor-align-icon-left\">\n\t\t\t\t\t\t<i aria-hidden=\"true\" class=\"fas fa-download\"><\/i> <\/span>\n\t\t\t\t\t<span class=\"elementor-button-text\">Pol\u00edtica Gest\u00e3o Consequ\u00eancias<\/span>\n\t\t\t\t<\/span>\n\t\t\t<\/a>\n\t\t<\/div>\n\t<\/div>\n<\/div><\/div><div class=\"jet-listing-dynamic-repeater__item\"><div class=\"elementor-element elementor-element-a8faf2c elementor-align-justify elementor-mobile-align-justify btn-download elementor-widget elementor-widget-button\" data-id=\"a8faf2c\" data-element_type=\"widget\" data-widget_type=\"button.default\">\n\t<div class=\"elementor-widget-container\">\n\t\t<div class=\"elementor-button-wrapper\">\n\t\t\t<a href=\"https:\/\/allterraagro.com.br\/canal-da-transparencia-e-etica\/\" target=\"_blank\" class=\"elementor-button-link elementor-button elementor-size-md\" role=\"button\">\n\t\t\t\t<span class=\"elementor-button-content-wrapper\">\n\t\t\t\t\t<span class=\"elementor-button-icon elementor-align-icon-left\">\n\t\t\t\t\t\t<i aria-hidden=\"true\" class=\"fas fa-download\"><\/i> <\/span>\n\t\t\t\t\t<span class=\"elementor-button-text\">Relat\u00f3rio de Transpar\u00eancia Sal\u00e1rial<\/span>\n\t\t\t\t<\/span>\n\t\t\t<\/a>\n\t\t<\/div>\n\t<\/div>\n<\/div><\/div><\/div><\/div>\t\t\t\t<\/div>\n\t\t\t\t<\/div>\n\t\t\t\t\t<\/div>\n\t\t<\/div>\n\t\t\t\t\t<\/div>\n\t\t<\/section>\n\t\t\t\t<\/div>\n\t\t","protected":false},"excerpt":{"rendered":"<p>Para realizar uma den\u00fancia, clique no bot\u00e3o abaixo: C\u00f3digos de Conduta e Pol\u00edticas Clique aqui C\u00f3digo de Conduta e \u00c9tica Colaboradores C\u00f3digo de Conduta Fornecedores e Clientes Pol\u00edtica Conflito de Interesses Pol\u00edtica de Combate a Corrup\u00e7\u00e3o Pol\u00edtica Due Diligence Pol\u00edtica de Combate e Preven\u00e7\u00e3o ao Ass\u00e9dio Pol\u00edtica Gest\u00e3o Consequ\u00eancias Relat\u00f3rio de Transpar\u00eancia Sal\u00e1rial<\/p>\n","protected":false},"author":9,"featured_media":0,"parent":0,"menu_order":0,"comment_status":"closed","ping_status":"closed","template":"elementor_header_footer","meta":{"_acf_changed":false,"footnotes":""},"class_list":["post-9620","page","type-page","status-publish","hentry"],"acf":[],"aioseo_notices":[],"_links":{"self":[{"href":"https:\/\/microgeo.com.br\/site\/wp-json\/wp\/v2\/pages\/9620","targetHints":{"allow":["GET"]}}],"collection":[{"href":"https:\/\/microgeo.com.br\/site\/wp-json\/wp\/v2\/pages"}],"about":[{"href":"https:\/\/microgeo.com.br\/site\/wp-json\/wp\/v2\/types\/page"}],"author":[{"embeddable":true,"href":"https:\/\/microgeo.com.br\/site\/wp-json\/wp\/v2\/users\/9"}],"replies":[{"embeddable":true,"href":"https:\/\/microgeo.com.br\/site\/wp-json\/wp\/v2\/comments?post=9620"}],"version-history":[{"count":112,"href":"https:\/\/microgeo.com.br\/site\/wp-json\/wp\/v2\/pages\/9620\/revisions"}],"predecessor-version":[{"id":10904,"href":"https:\/\/microgeo.com.br\/site\/wp-json\/wp\/v2\/pages\/9620\/revisions\/10904"}],"wp:attachment":[{"href":"https:\/\/microgeo.com.br\/site\/wp-json\/wp\/v2\/media?parent=9620"}],"curies":[{"name":"wp","href":"https:\/\/api.w.org\/{rel}","templated":true}]}}